{"id":36,"date":"2017-10-01T17:27:25","date_gmt":"2017-10-01T15:27:25","guid":{"rendered":"http:\/\/www.revolucionpermanente.com\/portugues\/?page_id=36"},"modified":"2022-01-28T18:14:08","modified_gmt":"2022-01-28T17:14:08","slug":"debates","status":"publish","type":"page","link":"https:\/\/www.revolucionpermanente.com\/portugues\/debates\/","title":{"rendered":"Debates"},"content":{"rendered":"<p>Discuss\u00e3o entra na revolu\u00e7\u00e3o permanente Coletiva e o COICOR, 2016-2017<\/p>\n<ul>\n<li><a style=\"text-decoration: none;\" href=\"https:\/\/www.revolucionpermanente.com\/documents\/20170618FT-VPCoReP.pdf\">Carta do FT-VP \/ Brasil, 18 de junho de 2017<\/a><\/li>\n<li><a style=\"text-decoration: none;\" href=\"https:\/\/www.revolucionpermanente.com\/documents\/20170429FT-VPCoReP.pdf\">Carta do FT-VP \/ Brasil, 24 de abril de 2017<\/a><\/li>\n<li><a style=\"text-decoration: none;\" href=\"https:\/\/www.revolucionpermanente.com\/documents\/20170415CoRePPDTML1demaio.pdf\">Projeto de endere\u00e7o internacional de 1 de maio, 15 de abril de 2017<\/a><\/li>\n<\/ul>\n","protected":false},"excerpt":{"rendered":"<p>Discuss\u00e3o entra na revolu\u00e7\u00e3o permanente Coletiva e o COICOR, 2016-2017 Carta do FT-VP \/ Brasil, 18 de junho de 2017 Carta do FT-VP \/ Brasil, 24 de abril de 2017&#8230; <a href=\"https:\/\/www.revolucionpermanente.com\/portugues\/debates\/\">Ler mais &raquo;<\/a><\/p>\n","protected":false},"author":1,"featured_media":0,"parent":0,"menu_order":0,"comment_status":"closed","ping_status":"closed","template":"","meta":{"footnotes":""},"class_list":["post-36","page","type-page","status-publish","hentry"],"_links":{"self":[{"href":"https:\/\/www.revolucionpermanente.com\/portugues\/wp-json\/wp\/v2\/pages\/36","targetHints":{"allow":["GET"]}}],"collection":[{"href":"https:\/\/www.revolucionpermanente.com\/portugues\/wp-json\/wp\/v2\/pages"}],"about":[{"href":"https:\/\/www.revolucionpermanente.com\/portugues\/wp-json\/wp\/v2\/types\/page"}],"author":[{"embeddable":true,"href":"https:\/\/www.revolucionpermanente.com\/portugues\/wp-json\/wp\/v2\/users\/1"}],"replies":[{"embeddable":true,"href":"https:\/\/www.revolucionpermanente.com\/portugues\/wp-json\/wp\/v2\/comments?post=36"}],"version-history":[{"count":2,"href":"https:\/\/www.revolucionpermanente.com\/portugues\/wp-json\/wp\/v2\/pages\/36\/revisions"}],"predecessor-version":[{"id":137,"href":"https:\/\/www.revolucionpermanente.com\/portugues\/wp-json\/wp\/v2\/pages\/36\/revisions\/137"}],"wp:attachment":[{"href":"https:\/\/www.revolucionpermanente.com\/portugues\/wp-json\/wp\/v2\/media?parent=36"}],"curies":[{"name":"wp","href":"https:\/\/api.w.org\/{rel}","templated":true}]}}